{"id":64051,"date":"2023-09-28T23:16:00","date_gmt":"2023-09-28T21:16:00","guid":{"rendered":"https:\/\/panelsandwich.org\/2016-tampa-de-cumeeira-lisa\/"},"modified":"2023-09-28T23:16:00","modified_gmt":"2023-09-28T21:16:00","slug":"2016-tampa-de-cumeeira-lisa","status":"publish","type":"product","link":"https:\/\/panelsandwich.org\/pt-pt\/2016-tampa-de-cumeeira-lisa\/","title":{"rendered":"2016 &#8211; Tampa de cumeeira lisa"},"content":{"rendered":"<p style=\"text-align: center;\"><strong><span style=\"font-size: medium;\"><a class=\"w-100 btn btn-danger btn-lg\" href=\"https:\/\/panelsandwich.org\/contactenos\" target=\"  _blank=\" rel=\"noreferrer noopener\">SOLICITA PRE\u00c7OS E INFORMA\u00c7\u00d5ES T\u00c9CNICAS  <i class=\"caret-right\"><\/i><\/a><\/span><\/strong><\/p>\n","protected":false},"excerpt":{"rendered":"<p>2016-Remate Cumbrera Lisa<\/p>\n<p style=\"text-align: center;\"><strong><span style=\"font-size: medium;\"><a class=\"w-100 btn btn-danger btn-lg\" href=\"https:\/\/panelsandwich.org\/contactenos\" target=\"  _blank=\" rel=\"noreferrer noopener\">SOLICITA PRE\u00c7OS E INFORMA\u00c7\u00d5ES T\u00c9CNICAS  <i class=\"caret-right\"><\/i><\/a><\/span><\/strong><\/p>\n","protected":false},"featured_media":32079,"comment_status":"open","ping_status":"closed","template":"","meta":[],"product_brand":[],"product_cat":[3886],"product_tag":[3891,3894,3893,3890,3887],"class_list":{"0":"post-64051","1":"product","2":"type-product","3":"status-publish","4":"has-post-thumbnail","6":"product_cat-remateria-telhado-de-painel-sanduiche","7":"product_tag-acabamentos-especiais","8":"product_tag-guarnicoes-de-telhado","9":"product_tag-guarnicoes-metalicas","10":"product_tag-leilao-por-medida","11":"product_tag-telha-para-telhado","12":"pa_colorexterior-branco-pirineu-ral-9010","13":"pa_colorexterior-cinzento-ardosia-ral-7024","14":"pa_colorexterior-cinzento-metalizado-ral-9006","15":"pa_colorexterior-creme-bidasoa-ral-1015-pt-pt","16":"pa_colorexterior-verde-navarra-ral-6005","17":"pa_colorexterior-vermelho-ral-3009","18":"pa_espesordelachapa-06-mm-aco-galvanizado-s250gd","19":"pa_medidas-metros-lineares-ml","20":"pa_situacion-a-pedido","21":"pa_situacion-armazem-de-stock","23":"first","24":"outofstock","25":"taxable","26":"shipping-taxable","27":"purchasable","28":"product-type-variable","29":"has-default-attributes"},"_links":{"self":[{"href":"https:\/\/panelsandwich.org\/pt-pt\/wp-json\/wp\/v2\/product\/64051","targetHints":{"allow":["GET"]}}],"collection":[{"href":"https:\/\/panelsandwich.org\/pt-pt\/wp-json\/wp\/v2\/product"}],"about":[{"href":"https:\/\/panelsandwich.org\/pt-pt\/wp-json\/wp\/v2\/types\/product"}],"replies":[{"embeddable":true,"href":"https:\/\/panelsandwich.org\/pt-pt\/wp-json\/wp\/v2\/comments?post=64051"}],"version-history":[{"count":0,"href":"https:\/\/panelsandwich.org\/pt-pt\/wp-json\/wp\/v2\/product\/64051\/revisions"}],"wp:featuredmedia":[{"embeddable":true,"href":"https:\/\/panelsandwich.org\/pt-pt\/wp-json\/wp\/v2\/media\/32079"}],"wp:attachment":[{"href":"https:\/\/panelsandwich.org\/pt-pt\/wp-json\/wp\/v2\/media?parent=64051"}],"wp:term":[{"taxonomy":"product_brand","embeddable":true,"href":"https:\/\/panelsandwich.org\/pt-pt\/wp-json\/wp\/v2\/product_brand?post=64051"},{"taxonomy":"product_cat","embeddable":true,"href":"https:\/\/panelsandwich.org\/pt-pt\/wp-json\/wp\/v2\/product_cat?post=64051"},{"taxonomy":"product_tag","embeddable":true,"href":"https:\/\/panelsandwich.org\/pt-pt\/wp-json\/wp\/v2\/product_tag?post=64051"}],"curies":[{"name":"wp","href":"https:\/\/api.w.org\/{rel}","templated":true}]}}

<p style="text-align: center;"><strong><span style="font-size: medium;"><a class="w-100 btn btn-danger btn-lg" href="https://panelsandwich.org/contactenos" target="  _blank=" rel="noreferrer noopener">SOLICITA PREÇOS E INFORMAÇÕES TÉCNICAS  <i class="caret-right"></i></a></span></strong></p>

<p>2016-Remate Cumbrera Lisa</p>
<p style="text-align: center;"><strong><span style="font-size: medium;"><a class="w-100 btn btn-danger btn-lg" href="https://panelsandwich.org/contactenos" target="  _blank=" rel="noreferrer noopener">SOLICITA PREÇOS E INFORMAÇÕES TÉCNICAS  <i class="caret-right"></i></a></span></strong></p>
